f). What are the prime factors of w(-2)?
2
List the prime factors of 62/((32/24)/((-2)/(-3))).
31
Suppose 0 = 3*w - 34 - 5. Let z = w - -10. List the prime factors of z.
23
Suppose -5*w = -5*o - 10, -5*w + o + 24 = 2. Let d = 14 - w. What are the prime factors of d?
3
Suppose -7*l = -2*l + 15, -4*o = -4*l - 1016. List the prime factors of o.
251
Let r = -15 + 17. What are the prime factors of (r/(-3))/(2/(-18))?
2, 3
Suppose k + 5*d = -2, -k + 5*d - 3 = -1. Let o be (-126)/(-33) + k/(-11). Suppose -9 = -o*s + 23. List the prime factors of s.
2
Let a(d) = -4*d + 15. List the prime factors of a(-9).
3, 17
Let a = 3 + -15. Let p(z) = z**2 + 10*z + 8. List the prime factors of p(a).
2
Let p = 317 + -137. List the prime factors of p.
2, 3, 5
Let l = -210 + 546. List the prime factors of l.
2, 3, 7
Let z(o) = o. Let d be z(2). Let y = 6 - d. What are the prime factors of y?
2
Suppose 2 = n - 0. Suppose 0*v + n = v. Suppose -v*z - 2*i = -12, 3*z - i - 6 + 4 = 0. What are the prime factors of z?
2
Suppose 4 = -2*k + 16. Let v(h) = -h**3 + 7*h**2 + h + 2. Let x be v(k). Suppose 4*g - x = -4*t, 2*t - 3*g - 19 = -4*g. What are the prime factors of t?
2
Suppose 3*o + 5 - 11 = 0. Suppose 0 = 2*z + o*k - 0*k - 70, -89 = -3*z + 5*k. List the prime factors of z.
3, 11
Let h = 146 - 51. Let m = h - 67. List the prime factors of m.
2, 7
List the prime factors of 3 + 2 + 0 + 3.
2
Let k(i) = -2*i - 8. Suppose 0 = 3*p + 14 + 4. Let a be k(p). Suppose -4*x + 28 = -a. List the prime factors of x.
2
Let w(b) = -3*b**2 + 4*b. Let v be w(3). Let y = v + 21. Suppose x - 12 + y = 0. What are the prime factors of x?
2, 3
Suppose -2*h = -5 - 5. Suppose 17 = 2*q + h. List the prime factors of q.
2, 3
Let r = -75 + 153. Suppose 0 = -2*u - 3*x + 33, -r = -4*u - 2*x - 0*x. What are the prime factors of u?
3, 7
Let g(h) = -h**2 - 2*h - 1. Let u be g(0). Let v(d) = 17*d**2 - 2*d - 1. What are the prime factors of v(u)?
2, 3
Suppose -4*f + 9 = j, 2 - 6 = 4*j - 4*f. What are the prime factors of 3*(2/3)/j?
2
What are the prime factors of 25908/119 + 2*1/7?
2, 109
Let a be 2 - 2/((-2)/(-7)). Let q = a - -20. What are the prime factors of (q/6)/(1/4)?
2, 5
Let a = -8 + 5. Let s be (-30)/(-4) - 33/22. Let j = s + a. List the prime factors of j.
3
Let c be (-1)/((-2)/30) - -1. Suppose 41 - c = 3*m + 5*f, m + 2*f - 10 = 0. Suppose 5*x - 2 - 18 = m. What are the prime factors of x?
2
Let b(j) = -j + 31. List the prime factors of b(0).
31
Let t(x) = -3*x**2 - 2*x - 1. Let z be t(-1). Let w = 5 + z. Suppose 5*o - w*q - 20 - 4 = 0, -3*o = -3*q - 12. List the prime factors of o.
2, 3
Suppose 7*r - 153 = -2*r. What are the prime factors of r?
17
Let u = 185 + 113. List the prime factors of u.
2, 149
Let j(w) = -2*w - 4. Let x be 160/6 + (-4)/6. Suppose -8 = 4*p - 4*c, 9*p = 4*p - 3*c - x. What are the prime factors of j(p)?
2
Suppose -35 - 84 = -7*p. What are the prime factors of p?
17
Suppose -l + 2*c = 3, 0*l - 55 = 5*l - 2*c. Let q = l + 27. List the prime factors of q.
2, 7
Let d(p) = -p**2 + 8*p. List the prime factors of d(5).
3, 5
Suppose 3*b - 10 = 47. List the prime factors of b.
19
Let r be ((-5)/4)/(3/276). Let b = 304 + r. List the prime factors of ((-2)/(-6))/(3/b).
3, 7
Suppose 0 = 2*o - 1 - 3. What are the prime factors of o?
2
Let y be -9*3/(81/(-6)). Suppose -y*l + 11 = -9. What are the prime factors of l?
2, 5
Suppose -2*t + 10 = 3*t. Let z(o) = -2*o**2 - 4*o**t + 8*o**2 - o. List the prime factors of z(2).
2, 3
Let v = 1 + -1. Let r be 10*((-3)/5 + 1). Suppose n + v - r = 0. What are the prime factors of n?
2
Suppose 2*t + 413 + 263 = 0. Suppose 10*y + 24 + 156 = 0. What are the prime factors of t/y + 6/27?
19
Let b(i) = -i**3 - 7*i**2 + 5*i - 8. Let m be b(-8). Let c = -10 + m. Suppose -2*p - 8 = -c*p. What are the prime factors of p?
2
Let a(t) be the third derivative of -t**4/12 + t**3/6 - 2*t**2. Let z be a(4). Let c = 14 + z. List the prime factors of c.
7
Let z = -15 + 18. Suppose z*i - r = 1, 3*i - 3*r = -i - 7. List the prime factors of i.
2
Suppose 2*y = -5 + 17. Suppose -5 = -0*c + c, -2*c - 22 = -3*l. Suppose -y = -l*u + 42. List the prime factors of u.
2, 3
Let j(c) = 4*c**3 - 2*c**2 + 2*c - 4. List the prime factors of j(2).
2, 3
Suppose -5*m + 2*m = 0. Let r(i) = i + 9. What are the prime factors of r(m)?
3
Let o(h) = -h + 3. Let x be o(-3). Let q = x - -13. What are the prime factors of q?
19
Let x(i) = i**2 + 6*i - 4. Suppose -4*l = -2*f - 6, -4*f + 3 = 3*l + 37. Let o be x(f). Suppose -2*j - o + 29 = 0. List the prime factors of j.
13
Let v(s) = 14*s**3 + s**2 - 1. Let h be v(1). Let r = 16 - h. List the prime factors of r.
2
Let u be ((-6)/12)/(2/24). Let d = 2 - u. What are the prime factors of d?
2
Let d(t) = -t**2 + 7*t - 8. Let b be d(6). Let i(l) be the second derivative of -5*l**3/6 + l**2 - 5*l. What are the prime factors of i(b)?
2, 3
Let y = 36 - 24. Let c = 53 - y. List the prime factors of c.
41
Let l(f) = -f**3 + 9*f**2 - 10*f + 12. Let c be 7 + 2 - (1 - 0). Let u be l(c). Let w = u + 10. What are the prime factors of w?
2, 3
Suppose -w + 188 = 3*k, -2*k - 3*w + 68 = -k. Suppose 0 = -o + 7 + k. What are the prime factors of o/18 + 1/6?
2
Suppose -25 = -r - 4*r. Let a(b) = 4*b**2 - b - 2. Let q be a(-1). Suppose t - 10 + 2 = -r*j, -q*t = 6. What are the prime factors of j?
2
Let g = -24 - -45. What are the prime factors of g?
3, 7
Let k = -15 + 43. What are the prime factors of k?
2, 7
Suppose i + t + 4*t - 20 = 0, -5*i - 3*t = -78. Suppose 0 = -3*j - 2*j + i. List the prime factors of j.
3
Suppose 5*o + 0*v - 101 = v, -2*v - 62 = -3*o. Suppose -5*r = -o - 25. List the prime factors of r.
3
Suppose 0 = -2*j + 1171 + 1437. Suppose 526 = 5*a - j. What are the prime factors of a/42 - 4/(-14)?
3
Suppose 16 = -3*t - t. Let p be (t/4)/((-1)/(-15)). Let c = p - -25. List the prime factors of c.
2, 5
Let o be 1 - -1 - (0 - 2). Suppose -o*i = i - 20. What are the prime factors of i?
2
Let s(a) = -a**3 + 5*a**2 - 3. Suppose -4*p - p = -15. Let j be s(p). What are the prime factors of -3 + -4*j/(-6)?
7
Suppose 7 = 4*p - 13. Suppose -3*t = 26 - p. Let x = t + 17. List the prime factors of x.
2, 5
Let w be (6/(-9))/(2/12). Let j(l) = -2*l - 3. What are the prime factors of j(w)?
5
Let u(a) = a**3 - 9*a**2 - 7*a + 25. What are the prime factors of u(10)?
5, 11
Let j = -1 + 7. Let y = -6 + 3. What are the prime factors of (-26)/y - 4/j?
2
Let m(q) = -q - 4. Let a be m(-5). List the prime factors of a*((-24)/1)/(-2).
2, 3
Suppose -4*v + 8*v - 14 = 2*q, 4*v - 9 = q. List the prime factors of 1 - (-6)/2 - v.
3
Let m = -5 + 1. List the prime factors of (m/(-14))/((-9)/(-126)).
2
Let s = 179 + 1. List the prime factors of s.
2, 3, 5
Let a = 1 - 1. Let f(v) = -v - 6. Let t be f(-9). Suppose -5*m + 4*n - 2*n = -46, -3*m - t*n + 36 = a. What are the prime factors of m?
2, 5
Let k(i) be the third derivative of i**4/24 + i**3/6 - 2*i**2. Let h be k(1). Suppose 3*g = 13 + h. List the prime factors of g.
5
Suppose 5*j = -t + 6*t + 325, -5*t - j - 349 = 0. Let a = t - -98. List the prime factors of a.
29
Let k = 71 - 39. Suppose 2*w = -2*w + k. List the prime factors of w.
2
Let f = -30 - -53. Suppose 3*r = 5*i + 14, -3*r - 2 + 20 = -3*i. Let d = f - r. What are the prime factors of d?
3, 5
Suppose -2*b - l + 9 = -0*l, 0 = 2*b + 3*l - 15. Suppose -2*c - b*c + 115 = 0. List the prime factors of c.
23
Suppose 0 = -4*i + 12 + 4. Suppose -2*z - i*p = 3*z - 50, 0 = -4*z - 2*p + 40. Suppose 3*o - d + 3*d - z = 0, -1 = d. What are the prime factors of o?
2
Let l be (2 - (-10)/(-6))*6. Suppose -l*f + 0*f = 20. List the prime factors of f/(-5)*(-11)/(-2).
11
Let b = 1 - -2. Suppose 0 = -8*o - 2*o + 5*o. Suppose o*h = -b*h + 18. List the prime factors of h.
2, 3
Suppose -2*b - 3*b + 15 = 5*x, 5*b = -x - 5. Let s be (1 - (b - -1))/1. Suppose s*a - 15 = -a. List the prime factors of a.
5
Suppose 0 = -0*r + r - 16. Suppose 0 = 5*q - 2*d + d - 106, 4*d = r. List the prime factors of q.
2, 11
Let q = 1 - -4. Let d = q - 3. Suppose -d*m = -g - 21, 3*m + 0*m - g - 30 = 0. What are the prime factors of m?
3
Let j be 4641/49 - 4/(-14). Let y = -47 + j. What are the prime factors of y?
2, 3
Let n = -322 - -546. List the prime factors of n.
2, 7
Let w = 17 + -29. Let i(j) = -4*j + 1. Let